87 (base 13) in base 3?
11010
What is 4 (base 13) in base 5?
4
-237 (base 8) to base 13
-c3
What is 111 (base 7) in base 3?
2010
Convert 3 (base 11) to base 16.
3
What is -3 (base 5) in base 7?
-3
What is 13 (base 14) in base 2?
10001
-1 (base 15) to base 5
-1
Convert -10101 (base 2) to base 10.
-21
Convert 13 (base 8) to base 15.
b
Convert -7 (base 16) to base 7.
-10
Convert 0 (base 9) to base 6.
0
Convert 51 (base 9) to base 7.
64
Convert 3 (base 7) to base 13.
3
-15a (base 13) to base 4
-3310
-10 (base 3) to base 14
-3
Convert -7a (base 14) to base 6.
-300
What is -3 (base 12) in base 8?
-3
-27 (base 12) to base 4
-133
What is 11 (base 2) in base 6?
3
Convert 0 (base 14) to base 3.
0
What is -201 (base 3) in base 13?
-16
What is -25 (base 13) in base 16?
-1f
Convert -10 (base 3) to base 4.
-3
Convert -11 (base 15) to base 3.
-121
0 (base 16) to base 9
0
Convert 0 (base 13) to base 11.
0
Convert 190 (base 11) to base 8.
334
-13 (base 11) to base 7
-20
What is -b4 (base 13) in base 4?
-2103
2100 (base 3) to base 2
111111
-4 (base 13) to base 4
-10
Convert -53 (base 13) to base 8.
-104
What is -75 (base 13) in base 15?
-66
Convert 15 (base 7) to base 16.
c
What is 10 (base 4) in base 6?
4
What is 39 (base 11) in base 7?
60
Convert -4 (base 7) to base 12.
-4
What is -3 (base 7) in base 8?
-3
Convert -4e (base 15) to base 13.
-59
Convert 8 (base 9) to base 8.
10
What is -1 (base 12) in base 4?
-1
Convert -21 (base 5) to base 2.
-1011
226 (base 7) to base 14
86
-3 (base 11) to base 3
-10
-120 (base 3) to base 10
-15
Convert -10001 (base 2) to base 5.
-32
Convert -20 (base 14) to base 16.
-1c
-10110 (base 2) to base 14
-18
What is -4 (base 15) in base 8?
-4
5 (base 7) to base 2
101
97 (base 13) to base 12
a4
Convert -102 (base 3) to base 6.
-15
Convert 121 (base 8) to base 13.
63
Convert -122 (base 3) to base 6.
-25
What is -a3 (base 12) in base 11?
-102
-85 (base 11) to base 6
-233
-15 (base 12) to base 11
-16
What is -10 (base 3) in base 10?
-3
Convert 11 (base 4) to base 7.
5
What is -9 (base 11) in base 4?
-21
What is 1010 (base 3) in base 13?
24
0 (base 10) to base 16
0
What is -8 (base 15) in base 6?
-12
What is -122 (base 14) in base 4?
-3202
What is 0 (base 2) in base 8?
0
What is 112 (base 4) in base 16?
16
-5 (base 7) to base 6
-5
Convert -4 (base 6) to base 16.
-4
51 (base 8) to base 6
105
-2 (base 11) to base 16
-2
What is 15 (base 8) in base 14?
d
Convert 6 (base 8) to base 4.
12
-24 (base 7) to base 2
-10010
Convert -2a (base 11) to base 8.
-40
What is 178 (base 9) in base 4?
2120
-4 (base 11) to base 14
-4
3 (base 9) to base 13
3
What is 24 (base 12) in base 4?
130
What is 122 (base 4) in base 2?
11010
Convert c9 (base 13) to base 10.
165
Convert 4 (base 7) to base 14.
4
Convert 3 (base 12) to base 2.
11
What is -140 (base 6) in base 8?
-74
-41 (base 6) to base 4
-121
What is 9 (base 11) in base 2?
1001
-7 (base 16) to base 6
-11
Convert 0 (base 10) to base 4.
0
Convert 4 (base 13) to base 5.
4
What is 50 (base 7) in base 4?
203
What is 3 (base 7) in base 2?
11
-33 (base 6) to base 2
-10101
Convert -5 (base 6) to base 12.
-5
1 (base 12) to base 10
1
3 (base 4) to base 6
3
What is -4 (base 7) in base 16?
-4
Convert -9 (base 14) to base 3.
-100
Convert -20021 (base 3) to base 7.
-331
11 (base 5) to base 14
6
0 (base 4) to base 8
0
Convert -13 (base 7) to base 8.
-12
-1000 (base 4) to base 15
-44
100 (base 3) to base 12
9
What is 12 (base 5) in base 2?
111
-112 (base 3) to base 10
-14
What is 12 (base 5) in base 7?
10
What is -30 (base 13) in base 2?
-100111
9 (base 11) to base 13
9
1102 (base 3) to base 6
102
Convert -1 (base 9) to base 2.
-1
Convert -1330 (base 5) to base 4.
-3113
-5 (base 14) to base 6
-5
What is 1221 (base 4) in base 16?
69
Convert -32 (base 11) to base 8.
-43
Convert -43 (base 8) to base 11.
-32
What is 10 (base 7) in base 11?
7
Convert 22 (base 11) to base 14.
1a
Convert 2 (base 12) to base 16.
2
Convert 0 (base 13) to base 4.
0
What is -10d (base 15) in base 10?
-238
What is -57 (base 12) in base 10?
-67
Convert 170 (base 9) to base 14.
a4
Convert 1 (base 11) to base 10.
1
-21 (base 4) to base 2
-1001
132 (base 5) to base 8
52
12 (base 11) to base 15
d
Convert -35 (base 10) to base 2.
-100011
127 (base 10) to base 3
11201
-12 (base 3) to base 6
-5
What is -41 (base 9) in base 13?
-2b
113 (base 4) to base 12
1b
Convert 3 (base 11) to base 14.
3
-12 (base 12) to base 15
-e
Convert 1 (base 2) to base 10.
1
Convert -1132 (base 4) to base 7.
-163
-62 (base 14) to base 5
-321
Convert -43 (base 6) to base 9.
-30
Convert a (base 15) to base 10.
10
19 (base 14) to base 16
17
What is -5a (base 16) in base 15?
-60
What is 65 (base 11) in base 4?
1013
1 (base 11) to base 13
1
297 (base 10) to base 2
100101001
-a (base 16) to base 3
-101
Convert a7 (base 14) to base 15.
9c
Convert -42 (base 16) to base 12.
-56
Convert -332 (base 4) to base 7.
-116
What is -5 (base 6) in base 8?
-5
What is 0 (base 15) in base 8?
0
10000001 (base 2) to base 11
108
What is -3b (base 12) in base 10?
-47
What is -312 (base 4) in base 3?
-2000
-1b (base 15) to base 10
-26
What is 2 (base 6) in base 15?
2
What is 41 (base 15) in base 13?
49
Convert 21 (base 6) to base 16.
d
Convert -2a (base 11) to base 14.
-24
Convert 1 (base 3) to base 11.
1
What is 2 (base 11) in base 2?
10
What is 152 (base 9) in base 5?
1003
What is 1a9 (base 12) in base 7?
540
-132 (base 4) to base 10
-30
Convert -25 (base 6) to base 15.
-12
What is 5 (base 11) in base 6?
5
What is -10 (base 2) in base 16?
-2
Convert -22 (base 8) to base 9.
-20
0 (base 14) to base 10
0
Convert -8 (base 16) to base 11.
-8
Convert 6 (base 10) to base 3.
20
Convert 86 (base 9) to base 5.
303
Convert -101 (base 4) to base 7.
-23
161 (base 9) to base 15
91
Convert 19 (base 14) to base 4.
113
1 (base 6) to base 8
1
What is -33 (base 4) in base 16?
-f
5 (base 15) to base 11
5
2 (base 12) to base 11
2
Convert -64 (base 7) to base 15.
-31
What is -11 (base 15) in base 16?
-10
Convert 111 (base 3) to base 7.
16
What is -3 (base 4) in base 10?
-3
What is -10 (base 2) in base 15?
-2
-12 (base 12) to base 7
-20
Convert 0 (base 10) to base 3.
0
Convert -7 (base 16) to base 3.
-21
What is -c8 (base 16) in base 15?
-d5
What is 0 (base 9) in base 7?
0
31 (base 5) to base 7
22
What is 1 (base 6) in base 14?
1
4 (base 15) to base 5
4
Convert 37 (base 10) to base 12.
31
Convert 10113 (base 4) to base 14.
15d
What is 33 (base 5) in base 12?
16
240 (base 5) to base 15
4a
What is 9 (base 16) in base 7?
12
6 (base 10) to base 4
12
10101000 (base 2) to base 13
cc
-d (base 16) to base 6
-21
125 (base 6) to base 7
104
What is -80 (base 13) in base 16?
-68
Convert 11 (base 5) to base 3.
20
-110000001 (base 2) to base 9
-467
What is bd (base 15) in base 4?
2302
What is 12 (base 9) in base 8?
13
Convert 0 (base 12) to base 6.
0
Convert 10 (base 4) to base 8.
4
What is d (base 15) in base 7?
16
Convert 0 (base 13) to base 3.
0
What is -3 (base 7) in base 12?
-3
What is -123 (base 4) in base 11?
-25
-1 (base 10) to base 12
-1
-164 (base 11) to base 3
-21002
130 (base 4) to base 12
24
Convert 222 (base 6) to base 10.
86
Convert 6 (base 11) to base 7.
6
What is -4 (base 14) in base 11?
-4
Convert -105 (base 9) to base 8.
-126
Convert 1 (base 10) to base 11.
1
What is -4 (base 15) in base 2?
-100
What is a (base 16) in base 3?
101
Convert -8 (base 11) to base 6.
-12
What is 4 (base 9) in base 16?
4
a (base 11) to base 8
12
Convert -b (base 12) to base 13.
-b
Convert -6 (base 7) to base 14.
-6
Convert -251 (base 7) to base 15.
-8e
10 (base 2) to base 13
2
-11 (base 2) to base 12
-3
Convert 2 (base 8) to base 13.
2
What is 36 (base 16) in base 13?
42
-14 (base 7) to base 5
-21
87 (base 12) to base 4
1213
Convert -17 (base 12) to base 8.
-23
Convert 0 (base 5) to base 3.
0
What is 54 (base 6) in base 16?
22
211 (base 5) to base 8
70
What is 1001 (base 2) in base 10?
9
Convert -111111 (base 2) to base 9.
-70
50 (base 9) to base 5
140
Convert -1100 (base 2) to base 4.
-30
What is 1101 (base 2) in base 15?
d
Convert -d (base 16) to base 3.
-111
What is 0 (base 15) in base 3?
0
Convert 106 (base 7) to base 3.
2001
What is -30 (base 6) in base 9?
-20
Convert 38 (base 14) to base 4.
302
Convert -112 (base 11) to base 2.
-10000110
